{"id":1139,"date":"2015-02-23T22:36:46","date_gmt":"2015-02-23T20:36:46","guid":{"rendered":"http:\/\/www.villadoviz.com.tr\/villadoviz\/?page_id=1139"},"modified":"2019-08-27T12:11:56","modified_gmt":"2019-08-27T09:11:56","slug":"iletisim","status":"publish","type":"page","link":"https:\/\/www.villadoviz.com.tr\/villadoviz\/iletisim\/","title":{"rendered":"\u0130leti\u015fim"},"content":{"rendered":"<h2 style=\"text-align: center;\"><img loading=\"lazy\" decoding=\"async\" class=\"aligncenter wp-image-1275 size-full\" src=\"http:\/\/www.villadoviz.com.tr\/villadoviz\/wp-content\/uploads\/2015\/02\/V-yeni-kuyruksuz.png\" alt=\"V-yeni-kuyruksuz\" width=\"155\" height=\"178\"><\/h2>\n<p style=\"text-align: center;\"><span style=\"color: #ffcc00;\"><strong>V\u0130LLA YABANCI PARA T\u0130CARET\u0130 SINIRLI YETK\u0130L\u0130 M\u00dcESSESE ANON\u0130M \u015e\u0130RKET\u0130<\/strong><\/span><\/p>\n<p style=\"text-align: center;\">Me\u015frutiyet Mahallesi B\u00fcy\u00fckdere Caddesi No:22\/A<\/p>\n<p style=\"text-align: center;\">\u015ei\u015fli K\u00fclt\u00fcr Merkezi (Cevahir AVM) 003\/B2<\/p>\n<p style=\"text-align: center;\">\u015ei\u015fli \u0130STANBUL<\/p>\n<p style=\"text-align: center;\">Telefonlar: 0212 380 08 38<\/p>\n<p style=\"text-align: center;\">Fax: 0212 380 08 74<\/p>\n<p style=\"text-align: center;\">KEP: villa@hs02.kep.tr<\/p>\n<p style=\"text-align: center;\">E-Mail: info@villadoviz.com.tr<\/p>\n<p style=\"text-align: center;\"><span style=\"color: #ffcc00;\"><strong>\u015eUBE:<\/strong><\/span><\/p>\n<p style=\"text-align: center;\">Nispetiye Caddesi Akmerkez no:171 Etiler Be\u015fikta\u015f \u0130stanbul<\/p>\n<p style=\"text-align: center;\">Telefon: 0212 282 18 19<\/p>\n<p style=\"text-align: center;\">Fax: 0212 282 18 20<\/p>\n<p style=\"text-align: center;\"><span style=\"color: #ffcc00;\"><strong>\u015eUBE:<\/strong><\/span><\/p>\n<p style=\"text-align: center;\">Barbaros Mah. Halk Cad. No:6 BB133 Pallad\u0131um AVM Ata\u015fehir \u0130stanbul<\/p>\n<p style=\"text-align: center;\">Telefon: 0216 663 18 50<\/p>\n<p style=\"text-align: center;\">Fax: 0216 663 18 47<\/p>\n\n\n<p><\/p>\n","protected":false},"excerpt":{"rendered":"<p>V\u0130LLA YABANCI PARA T\u0130CARET\u0130 SINIRLI YETK\u0130L\u0130 M\u00dcESSESE ANON\u0130M \u015e\u0130RKET\u0130 Me\u015frutiyet Mahallesi B\u00fcy\u00fckdere Caddesi No:22\/A \u015ei\u015fli K\u00fclt\u00fcr Merkezi (Cevahir AVM) 003\/B2 \u015ei\u015fli \u0130STANBUL Telefonlar: 0212 380 08 38 Fax: 0212 380 08 74 KEP: villa@hs02.kep.tr E-Mail: info@villadoviz.com.tr \u015eUBE: Nispetiye Caddesi Akmerkez no:171 Etiler Be\u015fikta\u015f \u0130stanbul Telefon: 0212 282 18 19 Fax: 0212 282 18 20 \u015eUBE:<span class=\"excerpt-more\"> [&#8230;]<\/span><\/p>\n","protected":false},"author":1,"featured_media":0,"parent":0,"menu_order":3,"comment_status":"open","ping_status":"open","template":"","meta":{"footnotes":""},"class_list":["post-1139","page","type-page","status-publish","hentry"],"yoast_head":"<!-- This site is optimized with the Yoast SEO plugin v26.3 - https:\/\/yoast.com\/wordpress\/plugins\/seo\/ -->\n<title>\u0130leti\u015fim - Villa D\u00f6viz<\/title>\n<meta name=\"robots\" content=\"index, follow, max-snippet:-1, max-image-preview:large, max-video-preview:-1\" \/>\n<link rel=\"canonical\" href=\"https:\/\/www.villadoviz.com.tr\/villadoviz\/iletisim\/\" \/>\n<meta property=\"og:locale\" content=\"tr_TR\" \/>\n<meta property=\"og:type\" content=\"article\" \/>\n<meta property=\"og:title\" content=\"\u0130leti\u015fim - Villa D\u00f6viz\" \/>\n<meta property=\"og:description\" content=\"V\u0130LLA YABANCI PARA T\u0130CARET\u0130 SINIRLI YETK\u0130L\u0130 M\u00dcESSESE ANON\u0130M \u015e\u0130RKET\u0130 Me\u015frutiyet Mahallesi B\u00fcy\u00fckdere Caddesi No:22\/A \u015ei\u015fli K\u00fclt\u00fcr Merkezi (Cevahir AVM) 003\/B2 \u015ei\u015fli \u0130STANBUL Telefonlar: 0212 380 08 38 Fax: 0212 380 08 74 KEP: villa@hs02.kep.tr E-Mail: info@villadoviz.com.tr \u015eUBE: Nispetiye Caddesi Akmerkez no:171 Etiler Be\u015fikta\u015f \u0130stanbul Telefon: 0212 282 18 19 Fax: 0212 282 18 20 \u015eUBE: [...]\" \/>\n<meta property=\"og:url\" content=\"https:\/\/www.villadoviz.com.tr\/villadoviz\/iletisim\/\" \/>\n<meta property=\"og:site_name\" content=\"Villa D\u00f6viz\" \/>\n<meta property=\"article:modified_time\" content=\"2019-08-27T09:11:56+00:00\" \/>\n<meta property=\"og:image\" content=\"http:\/\/www.villadoviz.com.tr\/villadoviz\/wp-content\/uploads\/2015\/02\/V-yeni-kuyruksuz.png\" \/>\n<meta name=\"twitter:card\" content=\"summary_large_image\" \/>\n<script type=\"application\/ld+json\" class=\"yoast-schema-graph\">{\"@context\":\"https:\/\/schema.org\",\"@graph\":[{\"@type\":\"WebPage\",\"@id\":\"https:\/\/www.villadoviz.com.tr\/villadoviz\/iletisim\/\",\"url\":\"https:\/\/www.villadoviz.com.tr\/villadoviz\/iletisim\/\",\"name\":\"\u0130leti\u015fim - Villa D\u00f6viz\",\"isPartOf\":{\"@id\":\"https:\/\/www.villadoviz.com.tr\/villadoviz\/#website\"},\"primaryImageOfPage\":{\"@id\":\"https:\/\/www.villadoviz.com.tr\/villadoviz\/iletisim\/#primaryimage\"},\"image\":{\"@id\":\"https:\/\/www.villadoviz.com.tr\/villadoviz\/iletisim\/#primaryimage\"},\"thumbnailUrl\":\"http:\/\/www.villadoviz.com.tr\/villadoviz\/wp-content\/uploads\/2015\/02\/V-yeni-kuyruksuz.png\",\"datePublished\":\"2015-02-23T20:36:46+00:00\",\"dateModified\":\"2019-08-27T09:11:56+00:00\",\"breadcrumb\":{\"@id\":\"https:\/\/www.villadoviz.com.tr\/villadoviz\/iletisim\/#breadcrumb\"},\"inLanguage\":\"tr\",\"potentialAction\":[{\"@type\":\"ReadAction\",\"target\":[\"https:\/\/www.villadoviz.com.tr\/villadoviz\/iletisim\/\"]}]},{\"@type\":\"ImageObject\",\"inLanguage\":\"tr\",\"@id\":\"https:\/\/www.villadoviz.com.tr\/villadoviz\/iletisim\/#primaryimage\",\"url\":\"http:\/\/www.villadoviz.com.tr\/villadoviz\/wp-content\/uploads\/2015\/02\/V-yeni-kuyruksuz.png\",\"contentUrl\":\"http:\/\/www.villadoviz.com.tr\/villadoviz\/wp-content\/uploads\/2015\/02\/V-yeni-kuyruksuz.png\"},{\"@type\":\"BreadcrumbList\",\"@id\":\"https:\/\/www.villadoviz.com.tr\/villadoviz\/iletisim\/#breadcrumb\",\"itemListElement\":[{\"@type\":\"ListItem\",\"position\":1,\"name\":\"Anasayfa\",\"item\":\"https:\/\/www.villadoviz.com.tr\/villadoviz\/\"},{\"@type\":\"ListItem\",\"position\":2,\"name\":\"\u0130leti\u015fim\"}]},{\"@type\":\"WebSite\",\"@id\":\"https:\/\/www.villadoviz.com.tr\/villadoviz\/#website\",\"url\":\"https:\/\/www.villadoviz.com.tr\/villadoviz\/\",\"name\":\"Villa D\u00f6viz\",\"description\":\"\",\"potentialAction\":[{\"@type\":\"SearchAction\",\"target\":{\"@type\":\"EntryPoint\",\"urlTemplate\":\"https:\/\/www.villadoviz.com.tr\/villadoviz\/?s={search_term_string}\"},\"query-input\":{\"@type\":\"PropertyValueSpecification\",\"valueRequired\":true,\"valueName\":\"search_term_string\"}}],\"inLanguage\":\"tr\"}]}<\/script>\n<!-- \/ Yoast SEO plugin. -->","yoast_head_json":{"title":"\u0130leti\u015fim - Villa D\u00f6viz","robots":{"index":"index","follow":"follow","max-snippet":"max-snippet:-1","max-image-preview":"max-image-preview:large","max-video-preview":"max-video-preview:-1"},"canonical":"https:\/\/www.villadoviz.com.tr\/villadoviz\/iletisim\/","og_locale":"tr_TR","og_type":"article","og_title":"\u0130leti\u015fim - Villa D\u00f6viz","og_description":"V\u0130LLA YABANCI PARA T\u0130CARET\u0130 SINIRLI YETK\u0130L\u0130 M\u00dcESSESE ANON\u0130M \u015e\u0130RKET\u0130 Me\u015frutiyet Mahallesi B\u00fcy\u00fckdere Caddesi No:22\/A \u015ei\u015fli K\u00fclt\u00fcr Merkezi (Cevahir AVM) 003\/B2 \u015ei\u015fli \u0130STANBUL Telefonlar: 0212 380 08 38 Fax: 0212 380 08 74 KEP: villa@hs02.kep.tr E-Mail: info@villadoviz.com.tr \u015eUBE: Nispetiye Caddesi Akmerkez no:171 Etiler Be\u015fikta\u015f \u0130stanbul Telefon: 0212 282 18 19 Fax: 0212 282 18 20 \u015eUBE: [...]","og_url":"https:\/\/www.villadoviz.com.tr\/villadoviz\/iletisim\/","og_site_name":"Villa D\u00f6viz","article_modified_time":"2019-08-27T09:11:56+00:00","og_image":[{"url":"http:\/\/www.villadoviz.com.tr\/villadoviz\/wp-content\/uploads\/2015\/02\/V-yeni-kuyruksuz.png","type":"","width":"","height":""}],"twitter_card":"summary_large_image","schema":{"@context":"https:\/\/schema.org","@graph":[{"@type":"WebPage","@id":"https:\/\/www.villadoviz.com.tr\/villadoviz\/iletisim\/","url":"https:\/\/www.villadoviz.com.tr\/villadoviz\/iletisim\/","name":"\u0130leti\u015fim - Villa D\u00f6viz","isPartOf":{"@id":"https:\/\/www.villadoviz.com.tr\/villadoviz\/#website"},"primaryImageOfPage":{"@id":"https:\/\/www.villadoviz.com.tr\/villadoviz\/iletisim\/#primaryimage"},"image":{"@id":"https:\/\/www.villadoviz.com.tr\/villadoviz\/iletisim\/#primaryimage"},"thumbnailUrl":"http:\/\/www.villadoviz.com.tr\/villadoviz\/wp-content\/uploads\/2015\/02\/V-yeni-kuyruksuz.png","datePublished":"2015-02-23T20:36:46+00:00","dateModified":"2019-08-27T09:11:56+00:00","breadcrumb":{"@id":"https:\/\/www.villadoviz.com.tr\/villadoviz\/iletisim\/#breadcrumb"},"inLanguage":"tr","potentialAction":[{"@type":"ReadAction","target":["https:\/\/www.villadoviz.com.tr\/villadoviz\/iletisim\/"]}]},{"@type":"ImageObject","inLanguage":"tr","@id":"https:\/\/www.villadoviz.com.tr\/villadoviz\/iletisim\/#primaryimage","url":"http:\/\/www.villadoviz.com.tr\/villadoviz\/wp-content\/uploads\/2015\/02\/V-yeni-kuyruksuz.png","contentUrl":"http:\/\/www.villadoviz.com.tr\/villadoviz\/wp-content\/uploads\/2015\/02\/V-yeni-kuyruksuz.png"},{"@type":"BreadcrumbList","@id":"https:\/\/www.villadoviz.com.tr\/villadoviz\/iletisim\/#breadcrumb","itemListElement":[{"@type":"ListItem","position":1,"name":"Anasayfa","item":"https:\/\/www.villadoviz.com.tr\/villadoviz\/"},{"@type":"ListItem","position":2,"name":"\u0130leti\u015fim"}]},{"@type":"WebSite","@id":"https:\/\/www.villadoviz.com.tr\/villadoviz\/#website","url":"https:\/\/www.villadoviz.com.tr\/villadoviz\/","name":"Villa D\u00f6viz","description":"","potentialAction":[{"@type":"SearchAction","target":{"@type":"EntryPoint","urlTemplate":"https:\/\/www.villadoviz.com.tr\/villadoviz\/?s={search_term_string}"},"query-input":{"@type":"PropertyValueSpecification","valueRequired":true,"valueName":"search_term_string"}}],"inLanguage":"tr"}]}},"_links":{"self":[{"href":"https:\/\/www.villadoviz.com.tr\/villadoviz\/wp-json\/wp\/v2\/pages\/1139","targetHints":{"allow":["GET"]}}],"collection":[{"href":"https:\/\/www.villadoviz.com.tr\/villadoviz\/wp-json\/wp\/v2\/pages"}],"about":[{"href":"https:\/\/www.villadoviz.com.tr\/villadoviz\/wp-json\/wp\/v2\/types\/page"}],"author":[{"embeddable":true,"href":"https:\/\/www.villadoviz.com.tr\/villadoviz\/wp-json\/wp\/v2\/users\/1"}],"replies":[{"embeddable":true,"href":"https:\/\/www.villadoviz.com.tr\/villadoviz\/wp-json\/wp\/v2\/comments?post=1139"}],"version-history":[{"count":21,"href":"https:\/\/www.villadoviz.com.tr\/villadoviz\/wp-json\/wp\/v2\/pages\/1139\/revisions"}],"predecessor-version":[{"id":1486,"href":"https:\/\/www.villadoviz.com.tr\/villadoviz\/wp-json\/wp\/v2\/pages\/1139\/revisions\/1486"}],"wp:attachment":[{"href":"https:\/\/www.villadoviz.com.tr\/villadoviz\/wp-json\/wp\/v2\/media?parent=1139"}],"curies":[{"name":"wp","href":"https:\/\/api.w.org\/{rel}","templated":true}]}}